rime factors of 5307856?
2, 157, 2113
What are the prime factors of 1026138?
2, 3, 171023
What are the prime factors of 336513?
3, 23, 4877
What are the prime factors of 8906108?
2, 2226527
What are the prime factors of 34653?
3, 11551
What are the prime factors of 6128602?
2, 17, 19, 53, 179
What are the prime factors of 6049893?
3, 29, 69539
What are the prime factors of 65084?
2, 53, 307
What are the prime factors of 228137?
7, 13, 23, 109
List the prime factors of 796889.
796889
What are the prime factors of 6275815?
5, 7, 13, 1061
List the prime factors of 271190.
2, 5, 47, 577
List the prime factors of 3032791.
29, 104579
What are the prime factors of 111024?
2, 3, 257
List the prime factors of 602758.
2, 13, 97, 239
What are the prime factors of 10726593?
3, 3575531
List the prime factors of 7063740.
2, 3, 5, 103, 127
List the prime factors of 277686.
2, 3, 15427
List the prime factors of 652157.
11, 101, 587
List the prime factors of 123148.
2, 17, 1811
What are the prime factors of 181297?
181297
List the prime factors of 335536.
2, 67, 313
What are the prime factors of 580616?
2, 72577
What are the prime factors of 4447406?
2, 19, 117037
List the prime factors of 426933.
3, 13, 41, 89
What are the prime factors of 2262895?
5, 452579
List the prime factors of 848304.
2, 3, 43, 137
What are the prime factors of 307023?
3, 29, 3529
What are the prime factors of 22441?
22441
What are the prime factors of 4930358?
2, 2465179
What are the prime factors of 22523980?
2, 5, 17, 31, 2137
What are the prime factors of 90726?
2, 3, 15121
What are the prime factors of 9078491?
23, 394717
What are the prime factors of 15906089?
15906089
What are the prime factors of 11358413?
11, 1032583
What are the prime factors of 134070?
2, 3, 5, 41, 109
List the prime factors of 831857.
13, 61, 1049
List the prime factors of 22757.
7, 3251
What are the prime factors of 11674340?
2, 5, 23, 41, 619
List the prime factors of 1919119.
1919119
List the prime factors of 6249780.
2, 3, 5, 34721
List the prime factors of 1477410.
2, 3, 5, 11, 37
List the prime factors of 835889.
23, 36343
List the prime factors of 14648.
2, 1831
What are the prime factors of 1112539?
43, 25873
List the prime factors of 772088.
2, 103, 937
What are the prime factors of 9465021?
3, 19, 55351
What are the prime factors of 2199142?
2, 11, 99961
What are the prime factors of 97481?
43, 2267
What are the prime factors of 2382847?
19, 83, 1511
What are the prime factors of 81715?
5, 59, 277
What are the prime factors of 563175?
3, 5, 2503
List the prime factors of 8616906.
2, 3, 239, 2003
What are the prime factors of 26286868?
2, 2297, 2861
What are the prime factors of 13692853?
61, 224473
What are the prime factors of 3554?
2, 1777
List the prime factors of 165162.
2, 3, 27527
List the prime factors of 28016526.
2, 3, 19, 245759
List the prime factors of 372480.
2, 3, 5, 97
What are the prime factors of 463606?
2, 11, 13, 1621
List the prime factors of 5759890.
2, 5, 23, 79, 317
What are the prime factors of 554458?
2, 19, 14591
What are the prime factors of 110879?
110879
List the prime factors of 421011.
3, 31, 503
What are the prime factors of 13832985?
3, 5, 17, 3191
What are the prime factors of 2246556?
2, 3, 13, 14401
List the prime factors of 258693.
3, 53, 1627
What are the prime factors of 4949772?
2, 3, 412481
What are the prime factors of 13968244?
2, 3492061
What are the prime factors of 69182?
2, 34591
What are the prime factors of 219867?
3, 83, 883
What are the prime factors of 6000324?
2, 3, 11, 131, 347
What are the prime factors of 192899?
7, 17, 1621
List the prime factors of 6341556.
2, 3, 13, 53, 59
What are the prime factors of 12189101?
1181, 10321
What are the prime factors of 569638?
2, 284819
What are the prime factors of 356511?
3, 151, 787
List the prime factors of 1104202.
2, 11, 53, 947
List the prime factors of 78018.
2, 3, 13003
What are the prime factors of 1323385?
5, 7, 37811
What are the prime factors of 2610526?
2, 113, 11551
List the prime factors of 1288067.
11, 19, 6163
List the prime factors of 21129359.
21129359
What are the prime factors of 1217030?
2, 5, 17, 7159
What are the prime factors of 1711972?
2, 427993
List the prime factors of 1983133.
67, 29599
What are the prime factors of 5413971?
3, 1804657
What are the prime factors of 264254?
2, 37, 3571
What are the prime factors of 15227370?
2, 3, 5, 71, 2383
List the prime factors of 13904190.
2, 3, 5, 23, 2239
List the prime factors of 261347.
261347
What are the prime factors of 32082?
2, 3, 5347
List the prime factors of 7354818.
2, 3, 103, 3967
What are the prime factors of 125514?
2, 3, 19, 367
List the prime factors of 912256.
2, 7127
What are the prime factors of 1855275?
3, 5, 29, 853
What are the prime factors of 102106?
2, 19, 2687
List the prime factors of 1364455.
5, 67, 4073
What are the prime factors of 84124?
2, 21031
What are the prime factors of 104134?
2, 52067
List the prime factors of 3467256.
2, 3, 13, 11113
List the prime factors of 4344924.
2, 3, 127, 2851
What are the prime factors of 9353043?
3, 7, 17, 41, 71
List the prime factors of 1027055.
5, 17, 43, 281
What are the prime factors of 161091?
3, 7, 2557
What are the prime factors of 9351673?
97, 229, 421
List the prime factors of 138886.
2, 11, 59, 107
List the prime factors of 102406.
2, 51203
List the prime factors of 48376.
2, 6047
What are the prime factors of 53819?
53819
What are the prime factors of 285010?
2, 5, 11, 2591
List the prime factors of 7116853.
113, 62981
What are the prime factors of 3640296?
2, 3, 11, 13789
What are the prime factors of 177351?
3, 31, 1907
List the prime factors of 831090.
2, 3, 5, 13, 2131
What are the prime factors of 3943296?
2, 3, 7, 163
What are the prime factors of 18067331?
1531, 11801
List the prime factors of 3249790.
2, 5, 324979
What are the prime factors of 47288?
2, 23, 257
What are the prime factors of 413076?
2, 3, 29, 1187
List the prime factors of 128131.
37, 3463
List the prime factors of 10234760.
2, 5, 255869
List the prime factors of 3004650.
2, 3, 5, 11, 607
List the prime factors of 229594.
2, 114797
List the prime factors of 308892.
2, 3, 25741
List the prime factors of 388148.
2, 23, 4219
List the prime factors of 223587.
3, 7, 13
What are the prime factors of 5251045?
5, 17, 163, 379
List the prime factors of 5213627.
5213627
What are the prime factors of 2962736?
2, 7, 3779
What are the prime factors of 1753952?
2, 59, 929
List the prime factors of 4931094.
2, 3, 7, 113, 1039
List the prime factors of 179780.
2, 5, 89, 101
List the prime factors of 148056.
2, 3, 31, 199
List the prime factors of 5826603.
3, 1942201
What are the prime factors of 30630?
2, 3, 5, 1021
List the prime factors of 252683.
41, 6163
List the prime factors of 26468190.
2, 3, 5, 7, 42013
What are the prime factors of 5692860?
2, 3, 5, 31627
List the prime factors of 2123299.
443, 4793
What are the prime factors of 513572?
2, 128393
What are the prime factors of 4791832?
2, 571, 1049
List the prime factors of 109129.
61, 1789
What are the prime factors of 3443104?
2, 7, 19, 809
What are the prime factors of 227430?
2, 3, 5, 7, 19
List the prime factors of 4965396.
2, 3, 413783
What are the prime factors of 263277?
3, 7, 199
List the prime factors of 201556.
2, 41, 1229
What are the prime factors of 2391330?
2, 3, 5, 79, 1009
What are the prime factors of 654588?
2, 3, 11, 19, 29
List the prime factors of 202261.
223, 907
List the prime factors of 144428.
2, 36107
List the prime factors of 46610.
2, 5, 59, 79
List the prime factors of 672862.
2, 101, 3331
List the prime factors of 40831351.
11, 3711941
What are the prime factors of 6888995?
5, 17, 81047
What are the prime factors of 383396?
2, 13, 73, 101
List the prime factors of 18667012.
2, 7, 13, 51283
What are the prime factors of 539950?
2, 5, 10799
List the prime factors of 3879708.
2, 3, 7, 46187
What are the prime factors of 900087?
3, 19, 15791
List the prime factors of 486909.
3, 54101
What are the prime factors of 2339682?
2, 3, 389947
What are the prime factors of 524924?
2, 131231
What are the prime factors of 3024350?
2, 5, 7, 8641
What are the prime factors of 41016?
2, 3, 1709
What are the prime factors of 8